(-2). Let m(v) = v + 9. What is the units digit of m(g)?
9
Let k(r) = -r**3 + 3*r - 4. Let y be k(-3). Suppose -c - 4*l + 18 = 0, -2*c = c + 4*l - 38. What is the units digit of (-2)/(c/y + -1)?
7
Let d be 1/3 + 6/(-18). Let q = d + 1. What is the units digit of q?
1
Let v(i) = -13*i - 21. What is the units digit of v(-6)?
7
Let m(f) = -2*f**3 - 6*f**2 - 2*f - 1. What is the tens digit of m(-4)?
3
Suppose q = 4*i - 13, 2*q = 4*i - 3*i + 9. What is the units digit of q?
7
Let d = 3 - 3. Suppose 7*n - 11*n + 68 = d. What is the units digit of n?
7
Let g be (1/3)/(3/36). Suppose -4 = g*p - 24. Suppose 3*n = p*n - 6. What is the units digit of n?
3
Let j(y) = -y**3 - y**2 + 2*y + 62. What is the units digit of j(0)?
2
Let v be 4/(-10) - 177/(-5). What is the units digit of ((-42)/v)/((-6)/20)?
4
Let q(k) = k**3 + 4*k**2 + 3. Let z be (-4*1)/(1 + 0). What is the units digit of q(z)?
3
Suppose 57 = 3*i + 9. Let w = i - 12. What is the units digit of w?
4
Let m = 9 - 7. What is the units digit of m?
2
Suppose 2*g = -3*g + 25. Let w = 8 - g. Suppose 8 + w = b. What is the units digit of b?
1
Let s(g) = -2*g - 5. Let y be s(-5). Suppose 3*m - 35 = -y*z - 2*m, -2*m + 4 = 0. What is the units digit of (-1)/z - (-102)/10?
0
Let y be -2 - 4/((-12)/93). Let i = y + -19. What is the units digit of i?
0
Let t be (-12)/(-3) + 3 - 0. Let f(p) = 1 - 2*p - 2 + 0 + p + t*p**2. What is the units digit of f(-1)?
7
What is the units digit of -207*((-2)/(-6))/(2/(-4))?
8
Let y(n) = 5*n**3 - 3*n**2 + 13*n + 18. Let w(g) = 2*g**3 - 2*g**2 + 7*g + 9. Let s(p) = -7*w(p) + 3*y(p). What is the units digit of s(-6)?
5
Let j(q) = q**3 + 11*q**2 - 12*q - 8. Let p be j(-12). Let u(i) = -i**2 - 11*i - 2. Let a be u(p). Let r = a - 4. What is the tens digit of r?
1
Let q be 2*(2 - 1) - -1. Suppose l - 112 = -q*l. Suppose -l = -4*i - 0. What is the units digit of i?
7
Let g = -14 - -16. Suppose g*l = -0*l + 94. What is the tens digit of l?
4
Suppose -4*r = -10*r + 192. What is the tens digit of r?
3
What is the units digit of (-1)/(6/21 - 213/721)?
3
Suppose 53 = -2*n - 107. Let x = -36 - n. What is the units digit of x?
4
Let i(t) = -t**3 - t**2 + 2*t + 4. What is the units digit of i(-3)?
6
Suppose p - m - 371 = -p, -2*m = -2*p + 374. What is the hundreds digit of p?
1
Let r(k) = k. Let p(d) = -d**3 + 6*d**2 + d - 1. Let t be p(6). What is the units digit of r(t)?
5
Let x be (-9)/(0 + -1) - 0. What is the tens digit of (42 + 3)*3/x?
1
Let z = 69 - -23. What is the units digit of z?
2
Suppose 3*d - 4*d = -3*c + 13, 0 = 5*c - 2*d - 22. Suppose 4*s + c*k = 13 + 63, 4*s - k = 76. Let j = s - 7. What is the units digit of j?
2
Let o = 26 + -21. Suppose 4*a + 44 = o*a + 2*s, -3*a = 3*s - 135. What is the units digit of a?
6
Suppose -5*j = r + 55, -4*j + 9*j + 3*r = -45. Let x(h) = -h**2 - 12*h + 1. What is the units digit of x(j)?
1
What is the tens digit of ((-10731)/(-18))/7 + (-3)/18?
8
Suppose -5*b + 34 = -3*f - 505, 2*b - 220 = -f. What is the units digit of b?
9
Let b = -25 + 26. What is the units digit of b?
1
Let i(j) = -j**2 - 6*j + 3. Let t = -8 + 3. What is the units digit of i(t)?
8
Suppose 0 = -0*g - 5*g + 30. What is the units digit of g?
6
What is the units digit of (37 - 31)/(-3*2/(-116))?
6
Let u = -29 + 65. What is the units digit of u?
6
Let s(x) = 25*x + 3. What is the units digit of s(4)?
3
Suppose -4*r + 9*r = -g + 26, 0 = -g + r + 14. Let p = 6 + g. What is the units digit of p?
2
Suppose 5*f - o + 21 = 0, o = 2*f + 3*o + 18. Suppose -v = z + 3, -2*v - 3*z - 4 = z. What is the units digit of v/(-5)*f/(-2)?
2
Let o = 135 - 65. What is the units digit of o?
0
Let a = -47 + 163. What is the units digit of a?
6
Suppose 0 = d - 5*x + 32, -4*x = -d - 26 - 3. Let v = 11 - d. Suppose -93 = -5*s - v. What is the tens digit of s?
1
Suppose -5*r - 367 = -6*r. What is the tens digit of r?
6
What is the units digit of 5*(0 - 1340/(-25))?
8
What is the tens digit of ((-2)/(-4))/(6/(-20844)*-9)?
9
Let l(b) = 22*b**2 - 15*b - 1. What is the hundreds digit of l(3)?
1
Suppose l + 5 = 26. What is the tens digit of l?
2
Let m be -8 - (0/(-2))/(-2). Let s be (-9)/(-2)*m/6. Let f = 10 + s. What is the units digit of f?
4
Let t be (-3 + 4)/(0 - -1). Let x = 3 + t. Suppose -3*z - 4 + 1 = -2*k, -5*k = x*z - 19. What is the units digit of z?
1
Suppose 4 = -2*g + 52. What is the units digit of g?
4
Let l be (-110)/(-4)*16/20. Suppose m - 5*p = l, -4*m + 4*p - 5*p = -109. What is the tens digit of m?
2
Suppose -4*u - 3*z - 1 = -4, 3*u + 2*z = 3. Let o = 46 + -2. Suppose 0 = -4*x + 2*y + o, x + 0*x - 18 = -u*y. What is the units digit of x?
2
Let t = 132 + -92. What is the tens digit of t?
4
Suppose 0 = 3*w + w + 4. Let h = 4 + -9. What is the units digit of w*(1 + -2 + h)?
6
What is the tens digit of -4*2*(-6)/(-12) + 175?
7
Suppose 4*z = 2*h + 2458, -h + 3499 - 1038 = 4*z. What is the units digit of z/90 - (-1)/6?
7
Let l be (3/(-1))/((-6)/(-4)). Let i be -2*((-177)/6 - l). Let a = i + -37. What is the tens digit of a?
1
Let f be -4 - 1 - (-1 + 1). Let r = f + 11. What is the units digit of r?
6
Let x be (-5)/(-3) - 3/(-9). Let s be (5/2 - 0)*x. Let y(g) = 3*g - 3. What is the units digit of y(s)?
2
Let q be (-22)/(-6) - (-2)/6. Suppose -q*w - 5 + 1 = 0. What is the units digit of w*1/3*-3?
1
Let w(t) = t**3 + 4*t**2 - 2*t - 4. Let v be w(-3). What is the units digit of (-2)/v - 861/(-77)?
1
Let y = 6 + -3. Let i = -17 + y. Let v = -10 - i. What is the units digit of v?
4
Let v be 1/2 - 28/(-8). Suppose 20 = 4*i - v*n, 0*i = -3*i + 2*n + 12. What is the units digit of i?
2
What is the units digit of -2*2/4 + 6?
5
Let q(x) = -2*x**2 + x. Let j be q(-1). Let v(l) = -3*l - 2. What is the units digit of v(j)?
7
Let g(z) = z**2 + z - 3. Let f be g(4). Let c = f + -13. What is the units digit of c?
4
Let m(l) = -l**2 + l + 2. Let y be m(2). What is the tens digit of 23/1 + (-1 - y)?
2
Suppose i - 29 = 5. What is the units digit of i?
4
Suppose -122 = -3*m + 244. Let v = m - 79. What is the tens digit of v?
4
Let c(i) = -4*i + 6. What is the units digit of c(-3)?
8
Let g = 115 + -82. Suppose 50 = -4*t + 122. Let b = g - t. What is the units digit of b?
5
Let j = -15 - -41. What is the units digit of j?
6
Let u(q) = -7*q**2 - q**3 + 0*q**3 + 5 + 3. Let o be u(-7). Let d = o + -1. What is the units digit of d?
7
Let g(t) = 2*t**3 + 6*t**2 - 5*t + 46. Let v(a) = a**2 - a + 1. Let h(l) = g(l) - 6*v(l). What is the tens digit of h(0)?
4
Suppose 10*u - 668 = 6*u. What is the tens digit of u?
6
Let t(o) = 4*o + 3 + 8*o**2 - 13*o + 2*o**2 + 3*o**3. Let r(p) = -4*p**3 - 11*p**2 + 10*p - 2. Let u(k) = 4*r(k) + 5*t(k). What is the units digit of u(5)?
7
Suppose -n = 3*f - 16 + 5, -2*n - 5*f = -20. Suppose -n*k = -3*x - x + 16, -k = 0. What is the units digit of x?
4
Let f(u) = -u + 13. Let q be f(0). Let m = q - -13. What is the units digit of m?
6
Suppose 2*k = 173 + 163. What is the tens digit of k?
6
Suppose 3*z = z + 82. Suppose 4*s + 42 = 2*n, -2*n + 2*s = -3*s - z. What is the units digit of n?
3
Suppose -1936 = -13*j + 1249. What is the tens digit of j?
4
Suppose -11*s = -20*s + 837. What is the tens digit of s?
9
Let w be -7 + 3*(-4)/6. Let s be (3 + 1)/(-2) - w. Suppose -2*g + s = -g. What is the units digit of g?
7
Let w(k) = 3*k**2 - 7*k + 5. Let x be w(-6). Suppose -5*h = 25 - x. What is the units digit of h?
6
Let f(k) = -k**2 + 17*k + 6. What is the tens digit of f(11)?
7
Suppose 9*i - 148 = 41. What is the units digit of i?
1
Let q = 302 + -193. What is the tens digit of q?
0
Let x be ((-6)/(-4))/(3/4). Let b be (2/4 - 0)*x. Let m(f) = 7*f. What is the units digit of m(b)?
7
Let x be 4 + (1 + 0)/1. Suppose -x*s + a + 94 = 4*a, -4*s + a = -65. What is the units digit of s?
7
Let u(i) = 95*i + 1. What is the units digit of u(1)?
6
Let q be (-14)/(-49) - 485/7. What is the tens digit of 1/(-4) + q/(-4)?
1
Let f(x) be the third derivative of x**4/3 - x**2. Let a be f(-1). Let v = 12 + a. What is the units digit of v?
4
Let t(p) = p - 6. Let g be t(7). Let u(a) = 5*a + 1. What is the units digit of u(g)?
6
Suppose 0 = -b + 2*j + 53, 0*j = -4*b + 5*j + 212. What is the tens digit of b?
5
Suppose -a + 5 - 3 = 0. Suppose a*i + 5*c - 4 = 39, -3*c - 125 = -4*i. What is the tens digit of i?
2
Let 